{"id":1774,"date":"2025-01-16T19:05:57","date_gmt":"2025-01-16T19:05:57","guid":{"rendered":"https:\/\/oop4fun.eu\/?page_id=1774"},"modified":"2025-01-17T07:20:08","modified_gmt":"2025-01-17T07:20:08","slug":"oop4fun-conference-cz-pardubice-13-september-2024","status":"publish","type":"page","link":"https:\/\/oop4fun.eu\/?page_id=1774","title":{"rendered":"OOP4FUN conference CZ &#8211; Pardubice, 11 September 2024"},"content":{"rendered":"\t\t<div data-elementor-type=\"wp-page\" data-elementor-id=\"1774\" class=\"elementor elementor-1774\" data-elementor-settings=\"[]\">\n\t\t\t\t\t\t\t<div class=\"elementor-section-wrap\">\n\t\t\t\t\t\t\t<section class=\"elementor-section elementor-top-section elementor-element elementor-element-3d086e2e elementor-section-boxed elementor-section-height-default elementor-section-height-default\" data-id=\"3d086e2e\" data-element_type=\"section\">\n\t\t\t\t\t\t<div class=\"elementor-container elementor-column-gap-default\">\n\t\t\t\t\t<div class=\"elementor-column elementor-col-100 elementor-top-column elementor-element elementor-element-50c125b0\" data-id=\"50c125b0\" data-element_type=\"column\" data-settings=\"{&quot;background_background&quot;:&quot;classic&quot;}\">\n\t\t\t<div class=\"elementor-widget-wrap elementor-element-populated\">\n\t\t\t\t\t\t\t\t<div class=\"elementor-element elementor-element-7a597e35 elementor-widget elementor-widget-text-editor\" data-id=\"7a597e35\" data-element_type=\"widget\" data-widget_type=\"text-editor.default\">\n\t\t\t\t<div class=\"elementor-widget-container\">\n\t\t\t<style>\/*! elementor - v3.5.4 - 23-01-2022 *\/\n.elementor-widget-text-editor.elementor-drop-cap-view-stacked .elementor-drop-cap{background-color:#818a91;color:#fff}.elementor-widget-text-editor.elementor-drop-cap-view-framed .elementor-drop-cap{color:#818a91;border:3px solid;background-color:transparent}.elementor-widget-text-editor:not(.elementor-drop-cap-view-default) .elementor-drop-cap{margin-top:8px}.elementor-widget-text-editor:not(.elementor-drop-cap-view-default) .elementor-drop-cap-letter{width:1em;height:1em}.elementor-widget-text-editor .elementor-drop-cap{float:left;text-align:center;line-height:1;font-size:50px}.elementor-widget-text-editor .elementor-drop-cap-letter{display:inline-block}<\/style>\t\t\t\t<!-- wp:paragraph -->\n<p>The primary aim of the multiplier event was to disseminate information about newly developed, international programming curricula for secondary schools to Czech schools outside of the project consortium. The project&#8217;s outcomes, specifically PR1-PR4, were promoted.<br>The event was divided into two parts: 1) a presentation of the project&#8217;s results and 2) a demonstration of object-oriented programming lessons. The first part provided a general overview of the project&#8217;s activities and outcomes.<br>The second part was designed as an interactive session, showing how secondary school teachers could use the specific educational materials in their own lessons. Interactions with teachers at the multiplier event provided valuable feedback. Teachers from Gymn\u00e1zium Da\u0161ick\u00e1, Pardubice (a project partner) shared their experiences of implementing the project&#8217;s findings in their own curricula.<br>The event was attended by 25 participants in person, primarily teachers from various secondary schools in the Pardubice, Hradec Kr\u00e1lov\u00e9, and other regions.<\/p>\n<!-- \/wp:paragraph -->\t\t\t\t\t\t<\/div>\n\t\t\t\t<\/div>\n\t\t\t\t\t<\/div>\n\t\t<\/div>\n\t\t\t\t\t\t\t<\/div>\n\t\t<\/section>\n\t\t\t\t\t\t<\/div>\n\t\t\t\t\t<\/div>\n\t\t","protected":false},"excerpt":{"rendered":"<p>The primary aim of the multiplier event was to disseminate information about newly developed, international programming curricula for secondary schools to Czech schools outside of the project consortium. The project&#8217;s outcomes, specifically PR1-PR4, were promoted.The event was divided into two parts: 1)&#8230;<\/p>\n","protected":false},"author":1,"featured_media":0,"parent":0,"menu_order":0,"comment_status":"closed","ping_status":"closed","template":"","meta":{"_monsterinsights_skip_tracking":false,"_monsterinsights_sitenote_active":false,"_monsterinsights_sitenote_note":"","_monsterinsights_sitenote_category":0},"_links":{"self":[{"href":"https:\/\/oop4fun.eu\/index.php?rest_route=\/wp\/v2\/pages\/1774"}],"collection":[{"href":"https:\/\/oop4fun.eu\/index.php?rest_route=\/wp\/v2\/pages"}],"about":[{"href":"https:\/\/oop4fun.eu\/index.php?rest_route=\/wp\/v2\/types\/page"}],"author":[{"embeddable":true,"href":"https:\/\/oop4fun.eu\/index.php?rest_route=\/wp\/v2\/users\/1"}],"replies":[{"embeddable":true,"href":"https:\/\/oop4fun.eu\/index.php?rest_route=%2Fwp%2Fv2%2Fcomments&post=1774"}],"version-history":[{"count":5,"href":"https:\/\/oop4fun.eu\/index.php?rest_route=\/wp\/v2\/pages\/1774\/revisions"}],"predecessor-version":[{"id":1813,"href":"https:\/\/oop4fun.eu\/index.php?rest_route=\/wp\/v2\/pages\/1774\/revisions\/1813"}],"wp:attachment":[{"href":"https:\/\/oop4fun.eu\/index.php?rest_route=%2Fwp%2Fv2%2Fmedia&parent=1774"}],"curies":[{"name":"wp","href":"https:\/\/api.w.org\/{rel}","templated":true}]}}