{"id":1702,"date":"2025-01-16T14:11:36","date_gmt":"2025-01-16T14:11:36","guid":{"rendered":"https:\/\/oop4fun.eu\/?page_id=1702"},"modified":"2025-01-16T14:19:18","modified_gmt":"2025-01-16T14:19:18","slug":"pr5-proposal-of-new-syllabus-for-accreditation-bodies-in-the-secondary-level","status":"publish","type":"page","link":"https:\/\/oop4fun.eu\/?page_id=1702","title":{"rendered":"PR5 \u2013 Proposal of new syllabus for accreditation bodies in the secondary level"},"content":{"rendered":"\t\t<div data-elementor-type=\"wp-page\" data-elementor-id=\"1702\" class=\"elementor elementor-1702\" data-elementor-settings=\"[]\">\n\t\t\t\t\t\t\t<div class=\"elementor-section-wrap\">\n\t\t\t\t\t\t\t<section class=\"elementor-section elementor-top-section elementor-element elementor-element-035dbe2 elementor-section-boxed elementor-section-height-default elementor-section-height-default\" data-id=\"035dbe2\" data-element_type=\"section\">\n\t\t\t\t\t\t\t<div class=\"elementor-background-overlay\"><\/div>\n\t\t\t\t\t\t\t<div class=\"elementor-container elementor-column-gap-default\">\n\t\t\t\t\t<div class=\"elementor-column elementor-col-100 elementor-top-column elementor-element elementor-element-40c4d21\" data-id=\"40c4d21\" data-element_type=\"column\">\n\t\t\t<div class=\"elementor-widget-wrap elementor-element-populated\">\n\t\t\t\t\t\t\t\t<div class=\"elementor-element elementor-element-c52ec53 elementor-align-center elementor-widget elementor-widget-button\" data-id=\"c52ec53\" data-element_type=\"widget\" data-widget_type=\"button.default\">\n\t\t\t\t<div class=\"elementor-widget-container\">\n\t\t\t\t\t<div class=\"elementor-button-wrapper\">\n\t\t\t<a href=\"https:\/\/oop4fun.eu\/wp-content\/uploads\/2025\/01\/OOP4FUN-PR5.pdf\" class=\"elementor-button-link elementor-button elementor-size-lg\" role=\"button\">\n\t\t\t\t\t\t<span class=\"elementor-button-content-wrapper\">\n\t\t\t\t\t\t<span class=\"elementor-button-text\">PR5 - Report (English version)<\/span>\n\t\t<\/span>\n\t\t\t\t\t<\/a>\n\t\t<\/div>\n\t\t\t\t<\/div>\n\t\t\t\t<\/div>\n\t\t\t\t<div class=\"elementor-element elementor-element-075b6bd elementor-align-center elementor-widget elementor-widget-button\" data-id=\"075b6bd\" data-element_type=\"widget\" data-widget_type=\"button.default\">\n\t\t\t\t<div class=\"elementor-widget-container\">\n\t\t\t\t\t<div class=\"elementor-button-wrapper\">\n\t\t\t<a href=\"https:\/\/oop4fun.eu\/wp-content\/uploads\/2025\/01\/OOP4FUN-PR5-Accredition-SK.pdf\" class=\"elementor-button-link elementor-button elementor-size-lg\" role=\"button\">\n\t\t\t\t\t\t<span class=\"elementor-button-content-wrapper\">\n\t\t\t\t\t\t<span class=\"elementor-button-text\">PR5 - N\u00e1vrh nov\u00e9ho sylabu a \u0161tudijnej literat\u00fary (slovensk\u00e1 verzia)<\/span>\n\t\t<\/span>\n\t\t\t\t\t<\/a>\n\t\t<\/div>\n\t\t\t\t<\/div>\n\t\t\t\t<\/div>\n\t\t\t\t<div class=\"elementor-element elementor-element-9ec8a9c elementor-align-center elementor-widget elementor-widget-button\" data-id=\"9ec8a9c\" data-element_type=\"widget\" data-widget_type=\"button.default\">\n\t\t\t\t<div class=\"elementor-widget-container\">\n\t\t\t\t\t<div class=\"elementor-button-wrapper\">\n\t\t\t<a href=\"https:\/\/oop4fun.eu\/wp-content\/uploads\/2025\/01\/OOP4FUN-PR5-Accredition-CZ.pdf\" class=\"elementor-button-link elementor-button elementor-size-lg\" role=\"button\">\n\t\t\t\t\t\t<span class=\"elementor-button-content-wrapper\">\n\t\t\t\t\t\t<span class=\"elementor-button-text\">PR5 - N\u00e1vrh nov\u00e9ho sylabu a studijn\u00ed literatury (\u010desk\u00e1 verze)<\/span>\n\t\t<\/span>\n\t\t\t\t\t<\/a>\n\t\t<\/div>\n\t\t\t\t<\/div>\n\t\t\t\t<\/div>\n\t\t\t\t<div class=\"elementor-element elementor-element-8cf16da elementor-align-center elementor-widget elementor-widget-button\" data-id=\"8cf16da\" data-element_type=\"widget\" data-widget_type=\"button.default\">\n\t\t\t\t<div class=\"elementor-widget-container\">\n\t\t\t\t\t<div class=\"elementor-button-wrapper\">\n\t\t\t<a href=\"https:\/\/oop4fun.eu\/wp-content\/uploads\/2025\/01\/OOP4FUN-PR5-Accredition-HR.pdf\" class=\"elementor-button-link elementor-button elementor-size-lg\" role=\"button\">\n\t\t\t\t\t\t<span class=\"elementor-button-content-wrapper\">\n\t\t\t\t\t\t<span class=\"elementor-button-text\">PR5 - Prijedlog novog nastavnog plana i studijske literature (hrvatska verzija)<\/span>\n\t\t<\/span>\n\t\t\t\t\t<\/a>\n\t\t<\/div>\n\t\t\t\t<\/div>\n\t\t\t\t<\/div>\n\t\t\t\t<div class=\"elementor-element elementor-element-2fb4bbe elementor-align-center elementor-widget elementor-widget-button\" data-id=\"2fb4bbe\" data-element_type=\"widget\" data-widget_type=\"button.default\">\n\t\t\t\t<div class=\"elementor-widget-container\">\n\t\t\t\t\t<div class=\"elementor-button-wrapper\">\n\t\t\t<a href=\"https:\/\/oop4fun.eu\/wp-content\/uploads\/2025\/01\/OOP4FUN-PR5-Accredition-RS.pdf\" class=\"elementor-button-link elementor-button elementor-size-lg\" role=\"button\">\n\t\t\t\t\t\t<span class=\"elementor-button-content-wrapper\">\n\t\t\t\t\t\t<span class=\"elementor-button-text\">PR5 - \u041d\u0430\u0446\u0440\u0442 \u043d\u043e\u0432\u043e\u0433 \u043d\u0430\u0441\u0442\u0430\u0432\u043d\u043e\u0433 \u043f\u043b\u0430\u043d\u0430 \u0438 \u0441\u0442\u0443\u0434\u0438\u0458\u0441\u043a\u0435 \u043b\u0438\u0442\u0435\u0440\u0430\u0442\u0443\u0440\u0435 (\u0441\u0440\u043f\u0441\u043a\u0430 \u0432\u0435\u0440\u0437\u0438\u0458\u0430)<\/span>\n\t\t<\/span>\n\t\t\t\t\t<\/a>\n\t\t<\/div>\n\t\t\t\t<\/div>\n\t\t\t\t<\/div>\n\t\t\t\t<div class=\"elementor-element elementor-element-9d9e1d1 elementor-align-center elementor-widget elementor-widget-button\" data-id=\"9d9e1d1\" data-element_type=\"widget\" data-widget_type=\"button.default\">\n\t\t\t\t<div class=\"elementor-widget-container\">\n\t\t\t\t\t<div class=\"elementor-button-wrapper\">\n\t\t\t<a href=\"https:\/\/oop4fun.eu\/wp-content\/uploads\/2025\/01\/OOP4FUN-PR5-Accredition-DE.pdf\" class=\"elementor-button-link elementor-button elementor-size-lg\" role=\"button\">\n\t\t\t\t\t\t<span class=\"elementor-button-content-wrapper\">\n\t\t\t\t\t\t<span class=\"elementor-button-text\">PR5 - Entwurf eines neuen Lehrplans und der Studienliteratur (deutsche Version)<\/span>\n\t\t<\/span>\n\t\t\t\t\t<\/a>\n\t\t<\/div>\n\t\t\t\t<\/div>\n\t\t\t\t<\/div>\n\t\t\t\t\t<\/div>\n\t\t<\/div>\n\t\t\t\t\t\t\t<\/div>\n\t\t<\/section>\n\t\t\t\t\t\t<\/div>\n\t\t\t\t\t<\/div>\n\t\t","protected":false},"excerpt":{"rendered":"<p>PR5 &#8211; Report (English version) PR5 &#8211; N\u00e1vrh nov\u00e9ho sylabu a \u0161tudijnej literat\u00fary (slovensk\u00e1 verzia) PR5 &#8211; N\u00e1vrh nov\u00e9ho sylabu a studijn\u00ed literatury (\u010desk\u00e1 verze) PR5 &#8211; Prijedlog novog nastavnog plana i studijske literature (hrvatska verzija) PR5 &#8211; \u041d\u0430\u0446\u0440\u0442 \u043d\u043e\u0432\u043e\u0433 \u043d\u0430\u0441\u0442\u0430\u0432\u043d\u043e\u0433 \u043f\u043b\u0430\u043d\u0430&#8230;<\/p>\n","protected":false},"author":1,"featured_media":0,"parent":0,"menu_order":0,"comment_status":"closed","ping_status":"closed","template":"","meta":{"_monsterinsights_skip_tracking":false,"_monsterinsights_sitenote_active":false,"_monsterinsights_sitenote_note":"","_monsterinsights_sitenote_category":0},"_links":{"self":[{"href":"https:\/\/oop4fun.eu\/index.php?rest_route=\/wp\/v2\/pages\/1702"}],"collection":[{"href":"https:\/\/oop4fun.eu\/index.php?rest_route=\/wp\/v2\/pages"}],"about":[{"href":"https:\/\/oop4fun.eu\/index.php?rest_route=\/wp\/v2\/types\/page"}],"author":[{"embeddable":true,"href":"https:\/\/oop4fun.eu\/index.php?rest_route=\/wp\/v2\/users\/1"}],"replies":[{"embeddable":true,"href":"https:\/\/oop4fun.eu\/index.php?rest_route=%2Fwp%2Fv2%2Fcomments&post=1702"}],"version-history":[{"count":19,"href":"https:\/\/oop4fun.eu\/index.php?rest_route=\/wp\/v2\/pages\/1702\/revisions"}],"predecessor-version":[{"id":1721,"href":"https:\/\/oop4fun.eu\/index.php?rest_route=\/wp\/v2\/pages\/1702\/revisions\/1721"}],"wp:attachment":[{"href":"https:\/\/oop4fun.eu\/index.php?rest_route=%2Fwp%2Fv2%2Fmedia&parent=1702"}],"curies":[{"name":"wp","href":"https:\/\/api.w.org\/{rel}","templated":true}]}}