{"id":1596,"date":"2025-01-15T09:54:16","date_gmt":"2025-01-15T09:54:16","guid":{"rendered":"https:\/\/oop4fun.eu\/?page_id=1596"},"modified":"2025-01-17T07:13:02","modified_gmt":"2025-01-17T07:13:02","slug":"transnational-project-meeting-november-2023-pardubice-cz","status":"publish","type":"page","link":"https:\/\/oop4fun.eu\/?page_id=1596","title":{"rendered":"Transnational Project Meeting &#8211; November 2023, Pardubice (CZ)"},"content":{"rendered":"\t\t<div data-elementor-type=\"wp-page\" data-elementor-id=\"1596\" class=\"elementor elementor-1596\" data-elementor-settings=\"[]\">\n\t\t\t\t\t\t\t<div class=\"elementor-section-wrap\">\n\t\t\t\t\t\t\t<section class=\"elementor-section elementor-top-section elementor-element elementor-element-4b44c9f3 elementor-section-boxed elementor-section-height-default elementor-section-height-default\" data-id=\"4b44c9f3\" data-element_type=\"section\">\n\t\t\t\t\t\t<div class=\"elementor-container elementor-column-gap-default\">\n\t\t\t\t\t<div class=\"elementor-column elementor-col-100 elementor-top-column elementor-element elementor-element-2b445596\" data-id=\"2b445596\" data-element_type=\"column\" data-settings=\"{&quot;background_background&quot;:&quot;classic&quot;}\">\n\t\t\t<div class=\"elementor-widget-wrap elementor-element-populated\">\n\t\t\t\t\t\t\t\t<div class=\"elementor-element elementor-element-2979eddb elementor-widget elementor-widget-text-editor\" data-id=\"2979eddb\" data-element_type=\"widget\" data-widget_type=\"text-editor.default\">\n\t\t\t\t<div class=\"elementor-widget-container\">\n\t\t\t<style>\/*! elementor - v3.5.4 - 23-01-2022 *\/\n.elementor-widget-text-editor.elementor-drop-cap-view-stacked .elementor-drop-cap{background-color:#818a91;color:#fff}.elementor-widget-text-editor.elementor-drop-cap-view-framed .elementor-drop-cap{color:#818a91;border:3px solid;background-color:transparent}.elementor-widget-text-editor:not(.elementor-drop-cap-view-default) .elementor-drop-cap{margin-top:8px}.elementor-widget-text-editor:not(.elementor-drop-cap-view-default) .elementor-drop-cap-letter{width:1em;height:1em}.elementor-widget-text-editor .elementor-drop-cap{float:left;text-align:center;line-height:1;font-size:50px}.elementor-widget-text-editor .elementor-drop-cap-letter{display:inline-block}<\/style>\t\t\t\t<!-- wp:paragraph -->\n<p>The OOP4FUN project consortium convened for its annual meeting on 30th and 31st November 2023. Hosted by the Faculty of Electrical Engineering and Informatics at the University of Pardubice, with support from the Gymn\u00e1zium Da\u0161ick\u00e1, the event brought together partners from across the project.<\/p>\n<!-- \/wp:paragraph --><!-- wp:paragraph -->\n<p><strong>Key highlights of the meeting included:<\/strong><\/p>\n<!-- \/wp:paragraph --><!-- wp:list -->\n<ul>\n<li><strong>Evaluation of Project Outcomes:<\/strong> Participants jointly assessed the results of project activities PR2 and PR3, particularly in the development of new curricula and materials for programming education.<\/li>\n<li><strong>Greenfoot Workshop:<\/strong> A dedicated workshop on the Greenfoot tool was organized by the Faculty of Management and Informatics at the University of \u017dilina. Greenfoot is a tool used in the jointly developed teaching materials for secondary school teachers and future teachers (pedagogy students).<\/li>\n<li><strong>Future Planning:<\/strong> The project coordinator presented the current budget and outlined the tasks and activities for the upcoming period, focusing on the commencement of PR4.<\/li>\n<\/ul>\n<!-- \/wp:list --><!-- wp:paragraph -->\n<p>The meeting provided a platform for:<\/p>\n<!-- \/wp:paragraph --><!-- wp:list -->\n<ul>\n<li><strong>Knowledge Sharing:<\/strong> Partners exchanged insights and experiences related to the project implementation.<\/li>\n<li><strong>Networking:<\/strong> Participants engaged in face-to-face interactions and discussions.<\/li>\n<li><strong>Future Planning:<\/strong> Concrete steps were outlined for the further development of the project.<\/li>\n<\/ul>\n<!-- \/wp:list --><!-- wp:paragraph -->\n<p>The event concluded with an informal gathering and a tour of Pardubice for all participants.<\/p>\n<!-- \/wp:paragraph --><!-- wp:gallery {\"linkTo\":\"none\"} -->\n<figure class=\"wp-block-gallery has-nested-images columns-default is-cropped\"><!-- wp:image {\"id\":1556,\"sizeSlug\":\"large\",\"linkDestination\":\"none\"} -->\n<figure class=\"wp-block-image size-large\"><img loading=\"lazy\" class=\"alignnone wp-image-1556\" src=\"https:\/\/oop4fun.eu\/wp-content\/uploads\/2024\/07\/pardubice2.jpg\" alt=\"\" width=\"1430\" height=\"805\" srcset=\"https:\/\/oop4fun.eu\/wp-content\/uploads\/2024\/07\/pardubice2.jpg 1430w, https:\/\/oop4fun.eu\/wp-content\/uploads\/2024\/07\/pardubice2-300x169.jpg 300w, https:\/\/oop4fun.eu\/wp-content\/uploads\/2024\/07\/pardubice2-1024x576.jpg 1024w, https:\/\/oop4fun.eu\/wp-content\/uploads\/2024\/07\/pardubice2-768x432.jpg 768w\" sizes=\"(max-width: 1430px) 100vw, 1430px\" \/><\/figure>\n<!-- \/wp:image --><!-- wp:image {\"id\":1557,\"sizeSlug\":\"large\",\"linkDestination\":\"none\"} -->\n<figure class=\"wp-block-image size-large\"><img loading=\"lazy\" width=\"1430\" height=\"805\" class=\"wp-image-1557\" src=\"https:\/\/oop4fun.eu\/wp-content\/uploads\/2024\/07\/pardubice.jpg\" alt=\"\" srcset=\"https:\/\/oop4fun.eu\/wp-content\/uploads\/2024\/07\/pardubice.jpg 1430w, https:\/\/oop4fun.eu\/wp-content\/uploads\/2024\/07\/pardubice-300x169.jpg 300w, https:\/\/oop4fun.eu\/wp-content\/uploads\/2024\/07\/pardubice-1024x576.jpg 1024w, https:\/\/oop4fun.eu\/wp-content\/uploads\/2024\/07\/pardubice-768x432.jpg 768w\" sizes=\"(max-width: 1430px) 100vw, 1430px\" \/><\/figure>\n<!-- \/wp:image --><!-- wp:image {\"id\":1555,\"sizeSlug\":\"large\",\"linkDestination\":\"none\"} -->\n<figure class=\"wp-block-image size-large\"><img loading=\"lazy\" width=\"1430\" height=\"805\" class=\"wp-image-1555\" src=\"https:\/\/oop4fun.eu\/wp-content\/uploads\/2024\/07\/pardubice3.jpg\" alt=\"\" srcset=\"https:\/\/oop4fun.eu\/wp-content\/uploads\/2024\/07\/pardubice3.jpg 1430w, https:\/\/oop4fun.eu\/wp-content\/uploads\/2024\/07\/pardubice3-300x169.jpg 300w, https:\/\/oop4fun.eu\/wp-content\/uploads\/2024\/07\/pardubice3-1024x576.jpg 1024w, https:\/\/oop4fun.eu\/wp-content\/uploads\/2024\/07\/pardubice3-768x432.jpg 768w\" sizes=\"(max-width: 1430px) 100vw, 1430px\" \/><\/figure>\n<!-- \/wp:image --><\/figure>\n<!-- \/wp:gallery -->\t\t\t\t\t\t<\/div>\n\t\t\t\t<\/div>\n\t\t\t\t\t<\/div>\n\t\t<\/div>\n\t\t\t\t\t\t\t<\/div>\n\t\t<\/section>\n\t\t\t\t\t\t<\/div>\n\t\t\t\t\t<\/div>\n\t\t","protected":false},"excerpt":{"rendered":"<p>The OOP4FUN project consortium convened for its annual meeting on 30th and 31st November 2023. Hosted by the Faculty of Electrical Engineering and Informatics at the University of Pardubice, with support from the Gymn\u00e1zium Da\u0161ick\u00e1, the event brought together partners from across&#8230;<\/p>\n","protected":false},"author":1,"featured_media":0,"parent":0,"menu_order":0,"comment_status":"closed","ping_status":"closed","template":"","meta":{"_monsterinsights_skip_tracking":false,"_monsterinsights_sitenote_active":false,"_monsterinsights_sitenote_note":"","_monsterinsights_sitenote_category":0},"_links":{"self":[{"href":"https:\/\/oop4fun.eu\/index.php?rest_route=\/wp\/v2\/pages\/1596"}],"collection":[{"href":"https:\/\/oop4fun.eu\/index.php?rest_route=\/wp\/v2\/pages"}],"about":[{"href":"https:\/\/oop4fun.eu\/index.php?rest_route=\/wp\/v2\/types\/page"}],"author":[{"embeddable":true,"href":"https:\/\/oop4fun.eu\/index.php?rest_route=\/wp\/v2\/users\/1"}],"replies":[{"embeddable":true,"href":"https:\/\/oop4fun.eu\/index.php?rest_route=%2Fwp%2Fv2%2Fcomments&post=1596"}],"version-history":[{"count":6,"href":"https:\/\/oop4fun.eu\/index.php?rest_route=\/wp\/v2\/pages\/1596\/revisions"}],"predecessor-version":[{"id":1798,"href":"https:\/\/oop4fun.eu\/index.php?rest_route=\/wp\/v2\/pages\/1596\/revisions\/1798"}],"wp:attachment":[{"href":"https:\/\/oop4fun.eu\/index.php?rest_route=%2Fwp%2Fv2%2Fmedia&parent=1596"}],"curies":[{"name":"wp","href":"https:\/\/api.w.org\/{rel}","templated":true}]}}