{"id":1229,"date":"2022-02-01T07:02:54","date_gmt":"2022-02-01T07:02:54","guid":{"rendered":"http:\/\/oop4fun.fri.uniza.sk\/?page_id=1229"},"modified":"2024-07-19T07:45:51","modified_gmt":"2024-07-19T07:45:51","slug":"university-of-zilina","status":"publish","type":"page","link":"https:\/\/oop4fun.eu\/?page_id=1229","title":{"rendered":"Obchodn\u00e1 akad\u00e9mia Pova\u017esk\u00e1 Bystrica"},"content":{"rendered":"","protected":false},"excerpt":{"rendered":"","protected":false},"author":1,"featured_media":1566,"parent":0,"menu_order":0,"comment_status":"closed","ping_status":"closed","template":"","meta":{"_monsterinsights_skip_tracking":false,"_monsterinsights_sitenote_active":false,"_monsterinsights_sitenote_note":"","_monsterinsights_sitenote_category":0},"_links":{"self":[{"href":"https:\/\/oop4fun.eu\/index.php?rest_route=\/wp\/v2\/pages\/1229"}],"collection":[{"href":"https:\/\/oop4fun.eu\/index.php?rest_route=\/wp\/v2\/pages"}],"about":[{"href":"https:\/\/oop4fun.eu\/index.php?rest_route=\/wp\/v2\/types\/page"}],"author":[{"embeddable":true,"href":"https:\/\/oop4fun.eu\/index.php?rest_route=\/wp\/v2\/users\/1"}],"replies":[{"embeddable":true,"href":"https:\/\/oop4fun.eu\/index.php?rest_route=%2Fwp%2Fv2%2Fcomments&post=1229"}],"version-history":[{"count":2,"href":"https:\/\/oop4fun.eu\/index.php?rest_route=\/wp\/v2\/pages\/1229\/revisions"}],"predecessor-version":[{"id":1236,"href":"https:\/\/oop4fun.eu\/index.php?rest_route=\/wp\/v2\/pages\/1229\/revisions\/1236"}],"wp:featuredmedia":[{"embeddable":true,"href":"https:\/\/oop4fun.eu\/index.php?rest_route=\/wp\/v2\/media\/1566"}],"wp:attachment":[{"href":"https:\/\/oop4fun.eu\/index.php?rest_route=%2Fwp%2Fv2%2Fmedia&parent=1229"}],"curies":[{"name":"wp","href":"https:\/\/api.w.org\/{rel}","templated":true}]}}